063584?
0
What is the thousands digit of 81541666?
1
What is the hundred millions digit of 4163980565?
1
What is the ten millions digit of 96377146?
9
What is the thousands digit of 51135229?
5
What is the hundreds digit of 3549902884?
8
What is the ten millions digit of 55115021?
5
What is the thousands digit of 113528025?
8
What is the ten thousands digit of 1044800921?
0
What is the thousands digit of 145482695?
2
What is the hundred thousands digit of 78837497?
8
What is the hundreds digit of 97963348?
3
What is the tens digit of 844976924?
2
What is the tens digit of 1179729907?
0
What is the tens digit of 3750145112?
1
What is the tens digit of 2045782904?
0
What is the hundreds digit of 43480002?
0
What is the units digit of 4612555691?
1
What is the ten millions digit of 38942908?
3
What is the hundred millions digit of 229374140?
2
What is the tens digit of 1382616323?
2
What is the millions digit of 52015590?
2
What is the thousands digit of 36469803?
9
What is the thousands digit of 112096628?
6
What is the ten thousands digit of 50494859?
9
What is the ten millions digit of 53713107?
5
What is the ten millions digit of 86258900?
8
What is the thousands digit of 351339570?
9
What is the millions digit of 1473410528?
3
What is the hundred thousands digit of 646336752?
3
What is the units digit of 60541936?
6
What is the ten millions digit of 3265410039?
6
What is the hundred thousands digit of 6753887?
7
What is the thousands digit of 37930007?
0
What is the millions digit of 4439729747?
9
What is the hundreds digit of 4247506936?
9
What is the ten millions digit of 19680067?
1
What is the ten thousands digit of 4033436798?
3
What is the hundred millions digit of 209271417?
2
What is the ten millions digit of 268358568?
6
What is the hundred millions digit of 155148854?
1
What is the hundreds digit of 32929955?
9
What is the units digit of 236241467?
7
What is the hundred thousands digit of 658221291?
2
What is the hundreds digit of 545877065?
0
What is the ten millions digit of 415558195?
1
What is the ten millions digit of 99165626?
9
What is the millions digit of 91126764?
1
What is the tens digit of 803076087?
8
What is the ten millions digit of 1155534184?
5
What is the units digit of 70912309?
9
What is the tens digit of 76898449?
4
What is the thousands digit of 1270388777?
8
What is the hundred thousands digit of 1838998691?
9
What is the hundred thousands digit of 196244375?
2
What is the thousands digit of 1578691229?
1
What is the millions digit of 79616543?
9
What is the millions digit of 426414679?
6
What is the ten thousands digit of 184924372?
2
What is the units digit of 1814904?
4
What is the ten thousands digit of 97776541?
7
What is the tens digit of 344738683?
8
What is the hundred thousands digit of 73953979?
9
What is the units digit of 1563195908?
8
What is the ten thousands digit of 2754193?
5
What is the ten thousands digit of 306713282?
1
What is the hundred thousands digit of 920242849?
2
What is the hundred millions digit of 2509971796?
5
What is the hundred millions digit of 1597758811?
5
What is the tens digit of 393580920?
2
What is the ten thousands digit of 478156164?
5
What is the millions digit of 462340948?
2
What is the thousands digit of 3306001296?
1
What is the hundred millions digit of 334305405?
3
What is the millions digit of 11599491?
1
What is the ten thousands digit of 38513472?
1
What is the tens digit of 575903900?
0
What is the ten thousands digit of 825019220?
1
What is the billions digit of 2481720493?
2
What is the millions digit of 10693647?
0
What is the units digit of 106868451?
1
What is the ten thousands digit of 1304846787?
4
What is the hundred millions digit of 2496902369?
4
What is the thousands digit of 2200137995?
7
What is the thousands digit of 61355524?
5
What is the units digit of 180811406?
6
What is the units digit of 375295732?
2
What is the ten millions digit of 159014493?
5
What is the billions digit of 1320906439?
1
What is the hundred millions digit of 5393534028?
3
What is the hundred thousands digit of 194696673?
6
What is the hundred thousands digit of 1368816620?
8
What is the millions digit of 114217470?
4
What is the millions digit of 27951266?
7
What is the tens digit of 37764365?
6
What is the millions digit of 4219749352?
9
What is the units digit of 2973275090?
0
What is the thousands digit of 148621368?
1
What is the units digit of 175415496?
6
What is the units digit of 158783903?
3
What is the units digit of 126345676?
6
What is the hundreds digit of 532792852?
8
What is the ten millions digit of 272106774?
7
What is the ten millions digit of 80665201?
8
What is the tens digit of 52880622?
2
What is the tens digit of 338104471?
7
What is the ten millions digit of 40266120?
4
What is the millions digit of 67237072?
7
What is the thousands digit of 3582540688?
0
What is the ten thousands digit of 316920419?
2
What is the thousands digit of 71591205?
1
What is the ten millions digit of 27046904?
2
What is the units digit of 4533589271?
1
What is the units digit of 3534377998?
8
What is the ten thousands digit of 5757379?
5
What is the millions digit of 11255579?
1
What is the ten millions digit of 3042237140?
4
What is the thousands digit of 360266418?
6
What is the tens digit of 31837307?
0
What is the ten thousands digit of 69040668?
4
What is the millions digit of 4975432949?
5
What is the millions digit of 38789947?
8
What is the hundred thousands digit of 10815133?
8
What is the hundred thousands digit of 708406730?
4
What is the units digit of 32909299?
9
What is the thousands digit of 96746060?
6
What is the units digit of 49677592?
2
What is the units digit of 994524147?
7
What is the hundred thousands digit of 745605621?
6
What is the thousands digit of 4045906801?
6
What is the ten thousands digit of 4921184209?
8
What is the hundred thousands digit of 131002636?
0
What is the ten millions digit of 33086778?
3
What is the hundreds digit of 482674211?
2
What is the billions digit of 1081816384?
1
What is the hundred thousands digit of 49332524?
3
What is the millions digit of 1251086003?
1
What is the hundreds digit of 1706427266?
2
What is the billions digit of 1929465041?
1
What is the tens digit of 60362253?
5
What is the hundreds digit of 799761361?
3
What is the units digit of 4675538653?
3
What is the millions digit of 61930066?
1
What is the units digit of 672572347?
7
What is the millions digit of 76314575?
6
What is the ten millions digit of 125472209?
2
What is the hundreds digit of 108096996?
9
What is the ten millions digit of 162802536?
6
What is the units digit of 1649022591?
1
What is the hundreds digit of 3076712474?
4
What is the ten millions digit of 56353688?
5
What is the units digit of 1577227460?
0
What is the ten thousands digit of 499472?
9
What is the millions digit of 27168115?
7
What is the millions digit of 27020209?
7
What is the hundred thousands digit of 171594689?
5
What is the ten thousands digit of 1268645289?
4
What is the units digit of 1299423698?
8
What is the hundreds digit of 62594242?
2
What is the millions digit of 24299552?
4
What is the ten thousands digit of 862708231?
0
What is the thousands digit of 596737040?
7
What is the hundreds digit of 33316977?
9
What is the hundred thousands digit of 627101916?
1
What is the tens digit of 89014970?
7
What is the hundred thousands digit of 390323203?
3
What is the tens digit of 74563097?
9
What is the hundreds digit of 175862700?
7
What is the thousands digit of 164785629?
5
What is the millions digit of 3506384486?
6
What is the tens digit of 2057383459?
5
What is the ten millions digit of 12008196?
1
What is the tens digit of 222078995?
9
What is the tens digit of 50912336?
3
What is the hundreds digit of 258194933?
9
What is the hundred millions digit of 211928954?
2
What is the hundreds digit of 397132496?
4
What is the thousands digit of 466068465?
8
What is the hundred millions digit of 2261058674?
2
What is the units digit of 393998888?
8
What is the hundred thousands digit of 1479218067?
2
What is the hundreds digit of 25885154?
1
What is the billions digit of 1758301938?
1
What is the hundred millions digit of 9020410874?
0
What is the ten mi